 3?
11200
What is 3408 (base 13) in base 12?
4263
Convert -11359 (base 12) to base 8.
-54665
Convert 2331104 (base 5) to base 13.
16551
Convert -174402 (base 8) to base 3.
-10020102222
Convert 3028 (base 12) to base 3.
21011012
Convert 6266 (base 9) to base 2.
1000111110100
Convert -25244 (base 6) to base 13.
-1942
What is -52221 (base 7) in base 6?
-135140
4767 (base 11) to base 13
2ac4
Convert 2b90 (base 16) to base 11.
8419
What is -6331 (base 12) in base 6?
-122101
4443 (base 10) to base 16
115b
What is -332211 (base 6) in base 14?
-a167
Convert -8717 (base 9) to base 5.
-201130
2087 (base 9) to base 12
a81
What is -5c6 (base 16) in base 5?
-21403
Convert 8708 (base 11) to base 10.
11503
What is -1322 (base 4) in base 7?
-233
Convert -202002112 (base 3) to base 14.
-54a4
-2cc5 (base 14) to base 16
-1f4d
Convert -33323 (base 4) to base 11.
-847
Convert -517 (base 9) to base 2.
-110100101
Convert -244143 (base 5) to base 4.
-2101102
Convert -414 (base 6) to base 13.
-bb
What is -a686 (base 11) in base 9?
-21340
-5cc (base 13) to base 16
-3f5
Convert 18a6 (base 11) to base 5.
34130
1000010111110101 (base 2) to base 13
127bc
Convert 107b (base 16) to base 9.
5707
-2733 (base 9) to base 4
-200013
Convert -11996 (base 14) to base 13.
-167a0
What is 2230103 (base 4) in base 11?
8315
Convert 10001111101100 (base 2) to base 6.
110324
1439 (base 14) to base 16
dfb
212 (base 3) to base 14
19
Convert 32 (base 6) to base 5.
40
Convert c3 (base 14) to base 13.
102
Convert 111010 (base 3) to base 9.
433
5c6 (base 15) to base 2
10100011111
Convert 2113 (base 7) to base 6.
3241
16b (base 15) to base 16
146
410354 (base 7) to base 14
1b62b
ba0b (base 13) to base 4
12110030
What is -100000111 (base 2) in base 6?
-1115
What is 25606 (base 7) in base 8?
15241
Convert 940 (base 14) to base 10.
1820
1212212 (base 3) to base 10
1373
5bc (base 14) to base 10
1146
Convert -1a5d (base 15) to base 10.
-5713
Convert 175 (base 13) to base 10.
265
Convert 433 (base 14) to base 8.
1475
1124422 (base 5) to base 16
5084
Convert 6582 (base 11) to base 13.
3c4a
Convert 74b5 (base 13) to base 8.
37513
24 (base 9) to base 10
22
110101111011110 (base 2) to base 16
6bde
What is -110a (base 14) in base 15?
-d1a
Convert 115 (base 9) to base 13.
74
-3150 (base 6) to base 2
-1011001010
What is -14052 (base 6) in base 12?
-1328
What is -1100121111 (base 3) in base 10?
-26689
-34c (base 13) to base 14
-2cb
Convert -b80 (base 15) to base 9.
-3503
323331 (base 6) to base 2
110100001000111
101111 (base 3) to base 12
1b7
-1012210 (base 3) to base 5
-12020
Convert -121303 (base 4) to base 8.
-3163
-10205 (base 6) to base 16
-55d
-1894 (base 13) to base 15
-114a
-a864 (base 15) to base 13
-132bb
What is 309b (base 12) in base 7?
21314
What is 10040 (base 5) in base 15?
2d0
What is 894 (base 14) in base 15?
783
What is -6218 (base 9) in base 12?
-2775
Convert 456 (base 10) to base 3.
121220
-7402 (base 16) to base 12
-1522a
524 (base 6) to base 3
21021
What is 96c (base 15) in base 10?
2127
Convert -210110000 (base 3) to base 12.
-9069
Convert 2ba5 (base 15) to base 6.
111232
Convert -13 (base 6) to base 7.
-12
Convert -14c0 (base 13) to base 6.
-22005
What is 6c98 (base 15) in base 16?
5a35
-110010010 (base 2) to base 5
-3102
Convert -12030 (base 7) to base 15.
-dc3
What is -44379 (base 10) in base 2?
-1010110101011011
What is 1011001101111 (base 2) in base 3?
21212201
-1001000110 (base 2) to base 15
-28c
What is -38935 (base 10) in base 16?
-9817
Convert 1001010010101110 (base 2) to base 6.
452114
What is 30 (base 8) in base 11?
22
-3000 (base 5) to base 11
-311
Convert 12a (base 14) to base 9.
280
What is 11011010000100 (base 2) in base 3?
201010220
What is -1011111110110 (base 2) in base 5?
-144014
What is -1011110111100111 (base 2) in base 10?
-48615
3b6 (base 15) to base 14
446
What is 578 (base 13) in base 3?
1021222
What is -145167 (base 8) in base 6?
-1035543
334a (base 12) to base 14
20d4
Convert 2ba (base 12) to base 8.
656
Convert -4606 (base 11) to base 4.
-1132220
Convert -12176 (base 8) to base 6.
-40142
-221 (base 3) to base 12
-21
Convert -2131 (base 7) to base 3.
-1001001
What is -748 (base 12) in base 10?
-1064
-211300 (base 4) to base 3
-10022111
-314 (base 8) to base 5
-1304
-12334 (base 10) to base 8
-30056
What is -43204 (base 6) in base 7?
-23140
What is 467 (base 14) in base 8?
1553
What is -2551 (base 12) in base 4?
-1002031
17060 (base 8) to base 13
3696
Convert -2635 (base 14) to base 2.
-1101000110111
-111001000011 (base 2) to base 12
-2143
-109 (base 10) to base 16
-6d
What is -201220 (base 3) in base 11?
-449
Convert -2343121 (base 5) to base 2.
-1010101000010000
Convert -11422 (base 5) to base 6.
-3554
What is 1001010001010000 (base 2) in base 14?
dba0
What is -9adc (base 15) in base 11?
-22738
What is -10020222 (base 3) in base 15?
-a85
What is -1a38 (base 12) in base 9?
-4358
Convert 4a49 (base 14) to base 2.
11001011001001
What is -2214 (base 7) in base 9?
-1073
Convert -25972 (base 10) to base 6.
-320124
-203335 (base 6) to base 15
-4c8b
Convert -522 (base 12) to base 6.
-3242
11110100110001 (base 2) to base 3
210111012
Convert 533 (base 7) to base 2.
100001101
Convert 55150 (base 6) to base 13.
3618
3446 (base 10) to base 13
1751
Convert 200222 (base 3) to base 15.
242
Convert -21113 (base 5) to base 6.
-10304
-102112 (base 5) to base 4
-311033
Convert -143104 (base 6) to base 8.
-32520
What is -121 (base 13) in base 7?
-400
Convert eda (base 15) to base 3.
11121021
-30337 (base 11) to base 3
-2020210201
-3307 (base 13) to base 2
-1101111000001
What is -1200211 (base 3) in base 14?
-645
Convert 11202 (base 3) to base 11.
107
What is -1001020 (base 3) in base 8?
-1372
What is -321232 (base 5) in base 13?
-4c01
What is -11288 (base 9) in base 7?
-30650
-342 (base 16) to base 4
-31002
Convert 53473 (base 9) to base 15.
a73c
What is 10011101010 (base 2) in base 7?
3445
Convert -245 (base 6) to base 14.
-73
Convert 660 (base 8) to base 9.
530
-1678 (base 11) to base 12
-12a6
23611 (base 9) to base 3
210200101
55055 (base 6) to base 5
220340
Convert -d7 (base 14) to base 11.
-162
What is -352a (base 12) in base 9?
-8127
What is -677 (base 14) in base 16?
-501
Convert -270 (base 8) to base 12.
-134
-1625 (base 8) to base 7
-2450
Convert 2511 (base 7) to base 10.
939
-33313 (base 6) to base 9
-6340
What is 13876 (base 10) in base 9?
21027
5684 (base 12) to base 11
7241
104 (base 5) to base 6
45
-214 (base 9) to base 4
-2233
What is 33153 (base 8) in base 13?
6458
What is 2210110 (base 4) in base 9?
15374
Convert 164 (base 12) to base 9.
264
Convert -3000 (base 9) to base 13.
-cc3
Convert 1179 (base 10) to base 6.
5243
Convert -5984 (base 13) to base 12.
-7372
Convert 10561 (base 11) to base 3.
210000011
Convert -39 (base 15) to base 8.
-66
What is 23322 (base 4) in base 10?
762
21121112 (base 4) to base 3
1221210102
Convert -200122 (base 4) to base 15.
-934
94a (base 11) to base 12
7b3
Convert -268 (base 14) to base 12.
-344
What is -878a (base 12) in base 7?
-61360
Convert 57d1 (base 15) to base 7.
105235
Convert -1e16 (base 15) to base 16.
-1992
What is 10889 (base 11) in base 7?
63535
-5300 (base 6) to base 12
-830
-11111010000 (base 2) to base 12
-11a8
Convert 5525 (base 6) to base 14.
673
What is 10ba6 (base 12) in base 8?
53656
What is 264 (base 14) in base 10?
480
-9941 (base 12) to base 5
-1020042
What is -1111001101 (base 2) in base 11?
-805
Convert 2405 (base 12) to base 14.
1685
What is 7d (base 16) in base 13?
98
110101110 (base 2) to base 3
120221
What is -2031 (base 9) in base 5?
-21421
Convert -2313110 (base 4) to base 8.
-26724
130101 (base 4) to base 16
711
-40456 (base 10) to base 16
-9e08
What is -1798 (base 10) in base 5?
-24143
7379 (base 13) to base 5
1002421
Convert -11011111100 (base 2) to base 12.
-1050
What is -13103 (base 5) in base 14?
-536
Convert -12020201 (base 3) to base 5.
-110301
Convert 1010000100 (base 2) to base 13.
3a7
2220022 (base 3) to base 15
95e
200012 (base 3) to base 11
407
Convert 1011100 (base 2) to base 16.
5c
Convert -7c2 (base 15) to base 2.
-11011011101
-1b4 (base 15) to base 2
-110001010
Convert 2e98 (base 16) to base 10.
11928
-301232 (base 4) to base 10
-3182
1242 (base 6) to base 15
15e
What is -21222 (b